2872?
False
Is 197 a factor of 5588693?
True
Is 339039693 a multiple of 3?
True
Is 404583605 a multiple of 2079?
False
Is 659 a factor of 2474811236?
True
Is 39 a factor of 56668202?
False
Is 46923579 a multiple of 9?
True
Is 92062274 a multiple of 549?
False
Does 7 divide 18469388?
True
Is 114586470 a multiple of 1578?
True
Does 58 divide 6148677?
False
Is 5418726556 a multiple of 77?
False
Is 4 a factor of 84916024?
True
Is 97426474 a multiple of 938?
False
Is 4547 a factor of 280568088?
True
Does 367 divide 158604887?
False
Is 288898000 a multiple of 725?
True
Is 599238125 a multiple of 4625?
True
Does 43 divide 244768083?
True
Does 935 divide 61252173?
False
Does 111 divide 94105045?
False
Is 138425777 a multiple of 10370?
False
Does 12058 divide 2913526676?
False
Is 367160182 a multiple of 9370?
False
Is 54 a factor of 779433803?
False
Is 12 a factor of 16700172?
True
Is 84 a factor of 403226040?
True
Does 4 divide 93064658?
False
Does 51 divide 4572505?
False
Is 23 a factor of 50917837?
True
Is 8 a factor of 681788762?
False
Does 10 divide 116931680?
True
Is 233816199 a multiple of 657?
False
Is 52411436 a multiple of 116?
False
Is 290464218 a multiple of 99?
True
Is 143 a factor of 62911926?
False
Is 6016000 a multiple of 11?
False
Is 175473711 a multiple of 104?
False
Is 226234591 a multiple of 10?
False
Does 4 divide 231101916?
True
Does 14 divide 51627380?
True
Is 27789271 a multiple of 8?
False
Is 941 a factor of 4344943288?
True
Is 249232846 a multiple of 42?
False
Does 62 divide 7825518?
False
Is 14 a factor of 638540459?
False
Is 6 a factor of 39573278?
False
Is 25 a factor of 2518050?
True
Is 840236124 a multiple of 6?
True
Does 2 divide 9528476?
True
Is 1842431 a multiple of 694?
False
Is 434 a factor of 305609130?
False
Is 34018143 a multiple of 11?
False
Does 702 divide 19620900?
True
Is 35 a factor of 700543165?
True
Is 264724588 a multiple of 171?
False
Does 100 divide 363667305?
False
Does 56 divide 31024628?
False
Is 10 a factor of 43311396?
False
Is 60 a factor of 12685680?
True
Is 959 a factor of 27864704?
True
Does 177 divide 515826395?
False
Does 471 divide 557543096?
False
Is 2397855964 a multiple of 9212?
True
Does 346 divide 59132438?
True
Does 146 divide 99034600?
False
Is 3987657542 a multiple of 54?
False
Does 73 divide 176553602?
False
Is 123012309 a multiple of 31?
True
Does 1834 divide 222253290?
True
Is 696 a factor of 117182040?
True
Does 243 divide 243891157?
False
Is 1334 a factor of 19647152?
True
Does 123 divide 2273347922?
False
Does 56 divide 151390288?
True
Is 432214137 a multiple of 43?
False
Is 761 a factor of 107193699?
True
Is 818393 a multiple of 16?
False
Is 1061 a factor of 85712366?
False
Does 6915 divide 123754999?
False
Is 310 a factor of 9669324?
False
Is 3400906 even?
True
Does 318 divide 81251653?
False
Does 970 divide 950851230?
True
Is 56247352 a multiple of 313?
True
Is 13 a factor of 50672557?
True
Is 2871 a factor of 8902473?
False
Is 17052592 a multiple of 3?
False
Is 408 a factor of 4807872?
True
Is 11 a factor of 1926776555?
True
Does 436 divide 39174600?
True
Is 566868241 a multiple of 43?
False
Is 334150596 a multiple of 14?
False
Is 270 a factor of 1480940948?
False
Is 350 a factor of 253658650?
True
Is 25 a factor of 81453135?
False
Is 51799582 a multiple of 26?
False
Is 1268897488 a multiple of 529?
True
Is 78570890 a multiple of 295?
True
Is 274307112 a multiple of 33?
False
Is 62174646 a multiple of 6?
True
Does 7199 divide 1776480820?
False
Does 297 divide 596421859?
False
Is 717 a factor of 1068361610?
False
Is 6450 a factor of 23119378?
False
Does 35 divide 39617200?
True
Does 15 divide 9467160?
True
Is 75 a factor of 66301773?
False
Does 194 divide 21540326?
False
Does 65 divide 25626764?
False
Is 3144 a factor of 105512640?
True
Does 447 divide 165224088?
False
Is 1104 a factor of 270605349?
False
Does 2 divide 4143898?
True
Does 12 divide 98002762?
False
Is 3107503863 a multiple of 53?
False
Is 250886678 a multiple of 11?
False
Does 2746 divide 37512225?
False
Is 11 a factor of 36866845?
False
Does 1600 divide 180387947?
False
Does 8 divide 1011510846?
False
Is 1308708724 a multiple of 9?
False
Does 77 divide 1806022526?
True
Is 5 a factor of 14014850?
True
Is 196304701 a multiple of 381?
False
Is 2141346 a multiple of 746?
False
Is 113 a factor of 1358839125?
True
Does 98 divide 1109164?
True
Does 955 divide 499673629?
False
Does 13 divide 2362219938?
True
Is 676638360 a multiple of 1809?
True
Is 975671460 a multiple of 2391?
True
Is 64 a factor of 108051694?
False
Is 94466052 a multiple of 49?
False
Does 87 divide 169013325?
False
Is 469 a factor of 11406080?
True
Is 565 a factor of 260713290?
False
Does 19 divide 220818953?
False
Is 2096039537 a multiple of 15?
False
Is 299026697 a multiple of 6877?
False
Does 75 divide 54292725?
True
Does 79 divide 16344547?
True
Is 286178772 a multiple of 12?
True
Does 17 divide 63745899?
False
Does 17 divide 697920172?
False
Is 4 a factor of 70000303?
False
Does 19 divide 2318646?
True
Is 9 a factor of 49211694?
True
Is 7384724 a multiple of 14?
False
Is 71 a factor of 2037843241?
False
Is 26 a factor of 73183835?
False
Is 221 a factor of 4960131?
False
Is 21842094 a multiple of 123?
True
Does 246 divide 146769258?
True
Is 954530510 a multiple of 1281?
False
Is 4 a factor of 30962140?
True
Does 18 divide 240499998?
True
Is 3473222698 a multiple of 15?
False
Is 93 a factor of 1003657953?
True
Is 260995108 a multiple of 11?
True
Is 45535147 a multiple of 94?
False
Does 6 divide 9632536?
False
Does 13 divide 1014891462?
True
Is 46 a factor of 19021322?
True
Does 10825 divide 7187359147?
False
Does 262 divide 15550224?
True
Is 176587915 a multiple of 35?
True
Is 502297037 a multiple of 8?
False
Does 13 divide 724291828?
True
Does 9943 divide 649461770?
False
Is 858184 a multiple of 8?
True
Does 117 divide 3715101?
True
Is 311 a factor of 628053420?
False
Does 17 divide 792417160?
False
Is 393714705 a multiple of 121?
False
Does 53 divide 7006229?
True
Does 368 divide 130931824?
True
Is 198975562 a multiple of 991?
False
Is 639677431 a multiple of 319?
False
Is 635 a factor of 165435765?
False
Is 159 a factor of 30583968?
True
Does 286 divide 61911810?
False
Is 113 a factor of 80669683?
True
Does 654 divide 191631156?
True
Is 58986110 a multiple of 10?
True
Is 38 a factor of 7810216?
True
Does 786 divide 35268912?
False
Is 473906393 a multiple of 967?
True
Is 31653780 a multiple of 60?
True
Is 2047601310 a multiple of 285?
True
Does 12 divide 21195522?
False
Is 1269396056 a multiple of 2468?
True
Does 745 divide 88178200?
True
Is 248973840 a multiple of 102?
True
Is 114549828 a multiple of 117?
False
Is 27 a factor of 665498997?
True
Does 2 divide 460951302?
True
Does 2647 divide 136524796?
False
Is 1393 a factor of 6553820?
False
Does 531 divide 1318133428?
False
Does 336 divide 12040586?
False
Is 557 a factor of 871056868?
False
Is 1297114928 a multiple of 8?
True
Is 103361286 a multiple of 520?
False
Is 84 a factor of 595506903?
False
Is 1459512833 a multiple of 203?
False
Does 591 divide 37685785?
False
Does 714 divide 457220610?
True
Is 472284824 a multiple of 206?
False
Does 351 divide 41301117?
True
Is 8949 a multiple of 2?
False
Is 47 a factor of 6466918?
True
Is 102696580 a multiple of 18?
False
Is 97766666 a multiple of 1607?
True
Is 316983460 a multiple of 5035?
True
Does 188 divide 24251722?
False
Is 14766228 a multiple of 36?
True
Is 45041925 a multiple of 743?
False
Does 23 divide 1790763731?
False
Is 86463256 a multiple of 184?
True
Does 374 divide 5207150?
False
Is 31 a factor of 912260074?
False
Is 150901894 a multiple of 221?
True
Does 280 divide 166169640?
True
Is 11 a factor of 1459918710?
False
Is 199 a factor of 11799780?
False
Is 50882866 a multiple of 6?
False
Is 109 a factor of 1521501707?
False
Does 13 divide 554677166?
False
Does 777 divide 111890331?
True
Does 20 divide 3484113057?
False
Is 205697582 a multiple of 598?
False
Is 365272511 a multiple of 953?
True
Is 517 a factor of 23389080?
True
Is 26348812 a multiple of 7?
True
Is 3259115320 a multiple of 13?
False
Does 104 divide 53935544?
True
Does 388 divide 18237339?
False
Is 3859 a factor of 562827432?
True
Does 307 divide 685192629?
False
Is 91